inder when 14651 is divided by 597?
323
Calculate the remainder when 3634 is divided by 462.
400
Calculate the remainder when 184991 is divided by 28.
23
What is the remainder when 43667 is divided by 22?
19
What is the remainder when 2199580 is divided by 414?
412
Calculate the remainder when 20103 is divided by 1059.
1041
Calculate the remainder when 18101 is divided by 4493.
129
What is the remainder when 5278 is divided by 16?
14
Calculate the remainder when 623251 is divided by 34.
31
Calculate the remainder when 162244 is divided by 1475.
1469
What is the remainder when 3206 is divided by 163?
109
Calculate the remainder when 2643 is divided by 2619.
24
What is the remainder when 1874 is divided by 468?
2
Calculate the remainder when 21753 is divided by 679.
25
Calculate the remainder when 24461 is divided by 4838.
271
Calculate the remainder when 1901291 is divided by 19.
18
What is the remainder when 596 is divided by 23?
21
Calculate the remainder when 910057 is divided by 371.
365
Calculate the remainder when 1535 is divided by 717.
101
What is the remainder when 103339 is divided by 125?
89
Calculate the remainder when 1497 is divided by 304.
281
Calculate the remainder when 2332287 is divided by 137.
136
Calculate the remainder when 1120346 is divided by 17.
12
Calculate the remainder when 880 is divided by 74.
66
Calculate the remainder when 5498 is divided by 853.
380
Calculate the remainder when 1398908 is divided by 10.
8
Calculate the remainder when 17834 is divided by 36.
14
What is the remainder when 54312 is divided by 9050?
12
What is the remainder when 34823 is divided by 280?
103
What is the remainder when 10706 is divided by 135?
41
What is the remainder when 11585 is divided by 163?
12
What is the remainder when 1604 is divided by 69?
17
What is the remainder when 10690 is divided by 227?
21
What is the remainder when 147899 is divided by 10560?
59
What is the remainder when 92087 is divided by 1615?
32
What is the remainder when 56363 is divided by 66?
65
Calculate the remainder when 1856088 is divided by 10.
8
What is the remainder when 1104340 is divided by 276084?
4
Calculate the remainder when 7358 is divided by 15.
8
Calculate the remainder when 10123 is divided by 674.
13
What is the remainder when 7054 is divided by 320?
14
What is the remainder when 14384 is divided by 164?
116
Calculate the remainder when 68182 is divided by 9739.
9
Calculate the remainder when 6134 is divided by 295.
234
Calculate the remainder when 4864 is divided by 156.
28
What is the remainder when 53246 is divided by 11?
6
What is the remainder when 181762 is divided by 629?
610
What is the remainder when 572 is divided by 54?
32
What is the remainder when 4807 is divided by 1567?
106
Calculate the remainder when 431514 is divided by 393.
0
Calculate the remainder when 287842 is divided by 2690.
12
What is the remainder when 6531 is divided by 139?
137
What is the remainder when 12848 is divided by 306?
302
Calculate the remainder when 645047 is divided by 194.
191
Calculate the remainder when 35440 is divided by 17.
12
Calculate the remainder when 19604 is divided by 1782.
2
Calculate the remainder when 39881 is divided by 2083.
304
What is the remainder when 1483 is divided by 338?
131
Calculate the remainder when 1121 is divided by 843.
278
Calculate the remainder when 7254 is divided by 1380.
354
What is the remainder when 935873 is divided by 49?
22
What is the remainder when 6208 is divided by 13?
7
What is the remainder when 536407 is divided by 35?
32
Calculate the remainder when 23862 is divided by 440.
102
What is the remainder when 188899 is divided by 37776?
19
What is the remainder when 4688 is divided by 41?
14
What is the remainder when 1919292 is divided by 13?
11
What is the remainder when 1548 is divided by 59?
14
Calculate the remainder when 148607 is divided by 74249.
109
Calculate the remainder when 15233 is divided by 7605.
23
Calculate the remainder when 387 is divided by 124.
15
What is the remainder when 31485 is divided by 643?
621
What is the remainder when 771428 is divided by 10?
8
Calculate the remainder when 10304 is divided by 312.
8
What is the remainder when 649798 is divided by 8?
6
Calculate the remainder when 27642 is divided by 2510.
32
Calculate the remainder when 15808 is divided by 15806.
2
Calculate the remainder when 84295 is divided by 14047.
13
What is the remainder when 58641 is divided by 118?
113
What is the remainder when 661145 is divided by 17?
15
What is the remainder when 383 is divided by 14?
5
What is the remainder when 79897 is divided by 19974?
1
What is the remainder when 10074 is divided by 117?
12
What is the remainder when 81769 is divided by 20442?
1
Calculate the remainder when 3100 is divided by 392.
356
What is the remainder when 9344 is divided by 22?
16
What is the remainder when 19838 is divided by 2479?
6
Calculate the remainder when 5715 is divided by 1776.
387
What is the remainder when 222169 is divided by 719?
717
What is the remainder when 2316941 is divided by 1096?
1093
What is the remainder when 145610 is divided by 9100?
10
Calculate the remainder when 22133 is divided by 528.
485
What is the remainder when 5420 is divided by 256?
44
What is the remainder when 5388 is divided by 35?
33
Calculate the remainder when 491172 is divided by 81855.
42
What is the remainder when 420842 is divided by 443?
435
Calculate the remainder when 84884 is divided by 1036.
968
What is the remainder when 3678 is divided by 1472?
734
What is the remainder when 6219375 is divided by 61?
59
Calculate the remainder when 3686 is divided by 30.
26
Calculate the remainder when 245222 is divided by 6287.
29
Calculate the remainder when 5606 is divided by 47.
13
What is the remainder when 10505 is divided by 39?
14
Calculate the remainder when 603133 is divided by 256.
253
What is the remainder when 9221 is divided by 4601?
19
What is the remainder when 9691 is divided by 83?
63
Calculate the remainder when 48563 is divided by 24261.
41
Calculate the remainder when 1718 is divided by 756.
206
What is the remainder when 150 is divided by 101?
49
Calculate the remainder when 7423 is divided by 55.
53
What is the remainder when 462548 is divided by 154180?
8
Calculate the remainder when 14696 is divided by 68.
8
Calculate the remainder when 115180 is divided by 229.
222
What is the remainder when 1729384 is divided by 28?
20
What is the remainder when 36119 is divided by 860?
859
Calculate the remainder when 3923 is divided by 3765.
158
What is the remainder when 818839 is divided by 333?
325
Calculate the remainder when 5936 is divided by 539.
7
Calculate the remainder when 557028 is divided by 23.
14
What is the remainder when 5628 is divided by 720?
588
What is the remainder when 91515 is divided by 520?
515
Calculate the remainder when 41298 is divided by 4578.
96
Calculate the remainder when 96962 is divided by 366.
338
Calculate the remainder when 919 is divided by 214.
63
Calculate the remainder when 92958 is divided by 18589.
13
Calculate the remainder when 3444045 is divided by 106.
105
Calculate the remainder when 7454 is divided by 175.
104
Calculate the remainder when 1250 is divided by 1165.
85
Calculate the remainder when 6999 is divided by 442.
369
Calculate the remainder when 3147 is divided by 398.
361
What is the remainder when 22352 is divided by 5583?
20
What is the remainder when 118568 is divided by 245?
233
What is the remainder when 31836 is divided by 2122?
6
Calculate the remainder when 38770 is divided by 19381.
8
Calculate the remainder when 9469 is divided by 729.
721
Calculate the remainder when 8200 is divided by 77.
38
Calculate the remainder when 591623 is divided by 498.
497
What is the remainder when 4273 is divided by 1039?
117
Calculate the remainder when 1472 is divided by 555.
362
Calculate the remainder when 2361 is divided by 588.
9
What is the remainder when 719 is divided by 350?
19
What is the remainder when 902582 is divided by 33?
32
Calculate the remainder when 643281 is divided by 214.
211
What is the remainder when 2231 is divided by 2011?
220
What is the remainder when 7134 is divided by 860?
254
Calculate the remainder when 1801 is divi